CRAN Package Check Results for Package FuzzyM

Last updated on 2025-10-10 21:49:36 CEST.

Flavor Version Tinstall Tcheck Ttotal Status Flags
r-devel-linux-x86_64-debian-clang 0.1.0 2.68 26.09 28.77 NOTE
r-devel-linux-x86_64-debian-gcc 0.1.0 2.15 20.41 22.56 NOTE
r-devel-linux-x86_64-fedora-clang 0.1.0 40.63 OK
r-devel-linux-x86_64-fedora-gcc 0.1.0 39.22 OK
r-devel-windows-x86_64 0.1.0 4.00 41.00 45.00 OK
r-patched-linux-x86_64 0.1.0 2.96 23.33 26.29 OK
r-release-linux-x86_64 0.1.0 2.69 23.42 26.11 OK
r-release-macos-arm64 0.1.0 19.00 OK
r-release-macos-x86_64 0.1.0 28.00 OK
r-release-windows-x86_64 0.1.0 4.00 43.00 47.00 OK
r-oldrel-macos-arm64 0.1.0 16.00 OK
r-oldrel-macos-x86_64 0.1.0 24.00 OK
r-oldrel-windows-x86_64 0.1.0 5.00 48.00 53.00 OK

Check Details

Version: 0.1.0
Check: CRAN incoming feasibility
Result: NOTE Maintainer: ‘Alina Petukhova <petukhova.alina@gmail.com>’ No Authors@R field in DESCRIPTION. Please add one, modifying Authors@R: person(given = "Alina", family = "Petukhova", role = c("aut", "cre"), email = "petukhova.alina@gmail.com") as necessary. Flavors: r-devel-linux-x86_64-debian-clang, r-devel-linux-x86_64-debian-gcc