Last updated on 2025-10-11 05:50:10 CEST.
Flavor | Version | Tinstall | Tcheck | Ttotal | Status | Flags |
---|---|---|---|---|---|---|
r-devel-linux-x86_64-debian-clang | 0.1.2 | 75.17 | 23.95 | 99.12 | OK | |
r-devel-linux-x86_64-debian-gcc | 0.1.2 | 104.33 | 19.59 | 123.92 | OK | |
r-devel-linux-x86_64-fedora-clang | 0.1.2 | 237.86 | OK | |||
r-devel-linux-x86_64-fedora-gcc | 0.1.2 | 241.36 | OK | |||
r-devel-windows-x86_64 | 0.1.2 | 120.00 | 78.00 | 198.00 | OK | |
r-patched-linux-x86_64 | 0.1.1 | 100.28 | 22.88 | 123.16 | NOTE | |
r-release-linux-x86_64 | 0.1.1 | 104.01 | 23.08 | 127.09 | NOTE | |
r-release-macos-arm64 | 0.1.2 | 50.00 | OK | |||
r-release-macos-x86_64 | 0.1.2 | 87.00 | OK | |||
r-release-windows-x86_64 | 0.1.2 | 122.00 | 64.00 | 186.00 | OK | |
r-oldrel-macos-arm64 | 0.1.2 | 54.00 | OK | |||
r-oldrel-macos-x86_64 | 0.1.2 | 89.00 | OK | |||
r-oldrel-windows-x86_64 | 0.1.2 | 114.00 | 76.00 | 190.00 | OK |
Version: 0.1.1
Check: C++ specification
Result: NOTE
Specified C++11: please drop specification unless essential
Flavors: r-patched-linux-x86_64, r-release-linux-x86_64