CRAN Package Check Results for Package EpistemicGameTheory

Last updated on 2025-07-04 14:49:27 CEST.

Flavor Version Tinstall Tcheck Ttotal Status Flags
r-devel-linux-x86_64-debian-clang 0.1.2 3.06 20.64 23.70 NOTE
r-devel-linux-x86_64-debian-gcc 0.1.2 2.01 16.54 18.55 NOTE
r-devel-linux-x86_64-fedora-clang 0.1.2 39.60 OK
r-devel-linux-x86_64-fedora-gcc 0.1.2 35.29 OK
r-devel-windows-x86_64 0.1.2 3.00 40.00 43.00 OK
r-patched-linux-x86_64 0.1.2 2.34 19.50 21.84 OK
r-release-linux-x86_64 0.1.2 2.74 19.48 22.22 OK
r-release-macos-arm64 0.1.2 18.00 OK
r-release-macos-x86_64 0.1.2 25.00 OK
r-release-windows-x86_64 0.1.2 5.00 40.00 45.00 OK
r-oldrel-macos-arm64 0.1.2 15.00 NOTE
r-oldrel-macos-x86_64 0.1.2 23.00 NOTE
r-oldrel-windows-x86_64 0.1.2 5.00 45.00 50.00 NOTE

Check Details

Version: 0.1.2
Check: CRAN incoming feasibility
Result: NOTE Maintainer: ‘Bilge Baser <bilge.baser@msgsu.edu.tr>’ No Authors@R field in DESCRIPTION. Please add one, modifying Authors@R: person(given = "Bilge", family = "Baser", role = c("aut", "cre"), email = "bilge.baser@msgsu.edu.tr") as necessary. Flavors: r-devel-linux-x86_64-debian-clang, r-devel-linux-x86_64-debian-gcc

Version: 0.1.2
Check: LazyData
Result: NOTE 'LazyData' is specified without a 'data' directory Flavors: r-oldrel-macos-arm64, r-oldrel-macos-x86_64, r-oldrel-windows-x86_64