Last updated on 2025-10-09 20:50:13 CEST.
Flavor | Version | Tinstall | Tcheck | Ttotal | Status | Flags |
---|---|---|---|---|---|---|
r-devel-linux-x86_64-debian-clang | 0.2.4 | 8.50 | 58.14 | 66.64 | NOTE | |
r-devel-linux-x86_64-debian-gcc | 0.2.4 | 5.27 | 42.71 | 47.98 | NOTE | |
r-devel-linux-x86_64-fedora-clang | 0.2.4 | 98.90 | OK | |||
r-devel-linux-x86_64-fedora-gcc | 0.2.4 | 92.70 | OK | |||
r-devel-windows-x86_64 | 0.2.4 | 13.00 | 72.00 | 85.00 | OK | |
r-patched-linux-x86_64 | 0.2.4 | 7.36 | 53.34 | 60.70 | OK | |
r-release-linux-x86_64 | 0.2.4 | 7.56 | 53.78 | 61.34 | OK | |
r-release-macos-arm64 | 0.2.4 | 40.00 | OK | |||
r-release-macos-x86_64 | 0.2.4 | 49.00 | OK | |||
r-release-windows-x86_64 | 0.2.4 | 13.00 | 72.00 | 85.00 | OK | |
r-oldrel-macos-arm64 | 0.2.4 | 30.00 | OK | |||
r-oldrel-macos-x86_64 | 0.2.4 | 40.00 | OK | |||
r-oldrel-windows-x86_64 | 0.2.4 | 15.00 | 90.00 | 105.00 | OK |
Version: 0.2.4
Check: CRAN incoming feasibility
Result: NOTE
Maintainer: ‘Carl Boettiger <cboettig@gmail.com>’
The Description field contains
<arXiv:1708.01242>.
Please refer to arXiv e-prints via their arXiv DOI <doi:10.48550/arXiv.YYMM.NNNNN>.
Flavors: r-devel-linux-x86_64-debian-clang, r-devel-linux-x86_64-debian-gcc