Last updated on 2025-10-10 09:50:28 CEST.
Flavor | Version | Tinstall | Tcheck | Ttotal | Status | Flags |
---|---|---|---|---|---|---|
r-devel-linux-x86_64-debian-clang | 0.2.5 | 18.48 | 136.46 | 154.94 | NOTE | |
r-devel-linux-x86_64-debian-gcc | 0.2.5 | 12.09 | 96.12 | 108.21 | NOTE | |
r-devel-linux-x86_64-fedora-clang | 0.2.5 | 235.57 | OK | |||
r-devel-linux-x86_64-fedora-gcc | 0.2.5 | 220.60 | OK | |||
r-devel-windows-x86_64 | 0.2.5 | 19.00 | 127.00 | 146.00 | OK | |
r-patched-linux-x86_64 | 0.2.5 | 13.60 | 126.90 | 140.50 | OK | |
r-release-linux-x86_64 | 0.2.5 | 16.47 | 126.03 | 142.50 | OK | |
r-release-macos-arm64 | 0.2.5 | 5.00 | ERROR | |||
r-release-macos-x86_64 | 0.2.5 | 24.00 | ERROR | |||
r-release-windows-x86_64 | 0.2.5 | 19.00 | 129.00 | 148.00 | OK | |
r-oldrel-macos-arm64 | 0.2.5 | 11.00 | ERROR | |||
r-oldrel-macos-x86_64 | 0.2.5 | 12.00 | ERROR | |||
r-oldrel-windows-x86_64 | 0.2.5 | 25.00 | 163.00 | 188.00 | OK |
Version: 0.2.5
Check: CRAN incoming feasibility
Result: NOTE
Maintainer: ‘Jorn Lotsch <j.lotsch@em.uni-frankfurt.de>’
No Authors@R field in DESCRIPTION.
Please add one, modifying
Authors@R: c(person(given = "Jorn",
family = "Lotsch",
role = c("aut", "cre"),
email = "j.lotsch@em.uni-frankfurt.de"),
person(given = "Alfred",
family = "Ultsch",
role = "aut"))
as necessary.
Flavors: r-devel-linux-x86_64-debian-clang, r-devel-linux-x86_64-debian-gcc
Version: 0.2.5
Check: package dependencies
Result: ERROR
Package required but not available: ‘opGMMassessment’
See section ‘The DESCRIPTION file’ in the ‘Writing R Extensions’
manual.
Flavors: r-release-macos-arm64, r-release-macos-x86_64, r-oldrel-macos-arm64, r-oldrel-macos-x86_64