Last updated on 2025-07-04 15:48:29 CEST.
Flavor | Version | Tinstall | Tcheck | Ttotal | Status | Flags |
---|---|---|---|---|---|---|
r-devel-linux-x86_64-debian-clang | 0.1.1 | 4.54 | 22.33 | 26.87 | NOTE | |
r-devel-linux-x86_64-debian-gcc | 0.1.1 | 3.98 | 18.25 | 22.23 | NOTE | |
r-devel-linux-x86_64-fedora-clang | 0.1.1 | 42.27 | OK | |||
r-devel-linux-x86_64-fedora-gcc | 0.1.1 | 44.40 | OK | |||
r-devel-windows-x86_64 | 0.1.1 | 9.00 | 50.00 | 59.00 | OK | |
r-patched-linux-x86_64 | 0.1.1 | 5.59 | 21.01 | 26.60 | OK | |
r-release-linux-x86_64 | 0.1.1 | 5.58 | 20.96 | 26.54 | OK | |
r-release-macos-arm64 | 0.1.1 | 21.00 | OK | |||
r-release-macos-x86_64 | 0.1.1 | 33.00 | OK | |||
r-release-windows-x86_64 | 0.1.1 | 10.00 | 50.00 | 60.00 | OK | |
r-oldrel-macos-arm64 | 0.1.1 | 20.00 | NOTE | |||
r-oldrel-macos-x86_64 | 0.1.1 | 26.00 | NOTE | |||
r-oldrel-windows-x86_64 | 0.1.1 | 9.00 | 56.00 | 65.00 | NOTE |
Version: 0.1.1
Check: CRAN incoming feasibility
Result: NOTE
Maintainer: ‘Taiane Schaedler Prass <taianeprass@gmail.com>’
The Description field contains
<arXiv:1910.10589>.
Please refer to arXiv e-prints via their arXiv DOI <doi:10.48550/arXiv.YYMM.NNNNN>.
Flavors: r-devel-linux-x86_64-debian-clang, r-devel-linux-x86_64-debian-gcc
Version: 0.1.1
Check: LazyData
Result: NOTE
'LazyData' is specified without a 'data' directory
Flavors: r-oldrel-macos-arm64, r-oldrel-macos-x86_64, r-oldrel-windows-x86_64