Last updated on 2025-07-04 22:49:22 CEST.
Flavor | Version | Tinstall | Tcheck | Ttotal | Status | Flags |
---|---|---|---|---|---|---|
r-devel-linux-x86_64-debian-clang | 3.5.8 | 104.53 | 148.40 | 252.93 | OK | |
r-devel-linux-x86_64-debian-gcc | 3.5.8 | 72.92 | 108.10 | 181.02 | OK | |
r-devel-linux-x86_64-fedora-clang | 3.5.8 | 439.70 | OK | |||
r-devel-linux-x86_64-fedora-gcc | 3.5.8 | 423.05 | OK | |||
r-devel-windows-x86_64 | 3.5.8 | 115.00 | 222.00 | 337.00 | OK | |
r-patched-linux-x86_64 | 3.5.8 | 100.36 | 140.09 | 240.45 | OK | |
r-release-linux-x86_64 | 3.5.8 | 97.81 | 139.59 | 237.40 | OK | |
r-release-macos-arm64 | 3.5.8 | 120.00 | OK | |||
r-release-macos-x86_64 | 3.5.8 | 187.00 | OK | |||
r-release-windows-x86_64 | 3.5.8 | 115.00 | 221.00 | 336.00 | OK | |
r-oldrel-macos-arm64 | 3.5.8 | 112.00 | NOTE | |||
r-oldrel-macos-x86_64 | 3.5.8 | 141.00 | NOTE | |||
r-oldrel-windows-x86_64 | 3.5.8 | 140.00 | 255.00 | 395.00 | OK |
Version: 3.5.8
Check: installed package size
Result: NOTE
installed size is 8.3Mb
sub-directories of 1Mb or more:
doc 1.9Mb
libs 5.3Mb
Flavors: r-oldrel-macos-arm64, r-oldrel-macos-x86_64