CRAN Package Check Results for Package CMLS

Last updated on 2025-10-10 21:49:32 CEST.

Flavor Version Tinstall Tcheck Ttotal Status Flags
r-devel-linux-x86_64-debian-clang 1.1 4.47 32.36 36.83 OK
r-devel-linux-x86_64-debian-gcc 1.1 2.97 22.85 25.82 OK
r-devel-linux-x86_64-fedora-clang 1.1 60.09 OK
r-devel-linux-x86_64-fedora-gcc 1.1 57.85 OK
r-devel-windows-x86_64 1.1 10.00 65.00 75.00 OK
r-patched-linux-x86_64 1.0-1 4.45 30.14 34.59 NOTE
r-release-linux-x86_64 1.0-1 4.31 30.36 34.67 NOTE
r-release-macos-arm64 1.1 50.00 OK
r-release-macos-x86_64 1.1 57.00 OK
r-release-windows-x86_64 1.1 7.00 53.00 60.00 OK
r-oldrel-macos-arm64 1.1 48.00 OK
r-oldrel-macos-x86_64 1.1 64.00 OK
r-oldrel-windows-x86_64 1.1 8.00 62.00 70.00 OK

Check Details

Version: 1.0-1
Check: Rd cross-references
Result: NOTE Found the following Rd file(s) with Rd \link{} targets missing package anchors: mlsei.Rd: solve.QP mlsun.Rd: solve.QP Please provide package anchors for all Rd \link{} targets not in the package itself and the base packages. Flavors: r-patched-linux-x86_64, r-release-linux-x86_64