CRAN Package Check Results for Package CCWeights

Last updated on 2025-07-17 22:51:02 CEST.

Flavor Version Tinstall Tcheck Ttotal Status Flags
r-devel-linux-x86_64-debian-clang 0.1.6 5.98 48.58 54.56 NOTE
r-devel-linux-x86_64-debian-gcc 0.1.6 4.22 35.67 39.89 NOTE
r-devel-linux-x86_64-fedora-clang 0.1.6 81.03 OK
r-devel-linux-x86_64-fedora-gcc 0.1.6 78.89 OK
r-devel-windows-x86_64 0.1.6 7.00 61.00 68.00 OK
r-patched-linux-x86_64 0.1.6 5.03 43.69 48.72 OK
r-release-linux-x86_64 0.1.6 5.32 44.01 49.33 OK
r-release-macos-arm64 0.1.6 29.00 OK
r-release-macos-x86_64 0.1.6 49.00 OK
r-release-windows-x86_64 0.1.6 10.00 62.00 72.00 OK
r-oldrel-macos-arm64 0.1.6 26.00 OK
r-oldrel-macos-x86_64 0.1.6 66.00 OK
r-oldrel-windows-x86_64 0.1.6 10.00 74.00 84.00 OK

Check Details

Version: 0.1.6
Check: CRAN incoming feasibility
Result: NOTE Maintainer: ‘Yonghui Dong <yonghui.dong@gmail.com>’ No Authors@R field in DESCRIPTION. Please add one, modifying Authors@R: person(given = "Yonghui", family = "Dong", role = c("aut", "cre"), email = "yonghui.dong@gmail.com") as necessary. Flavors: r-devel-linux-x86_64-debian-clang, r-devel-linux-x86_64-debian-gcc