Last updated on 2025-07-05 05:50:23 CEST.
Flavor | Version | Tinstall | Tcheck | Ttotal | Status | Flags |
---|---|---|---|---|---|---|
r-devel-linux-x86_64-debian-clang | 6.1.1 | 82.13 | 439.50 | 521.63 | NOTE | |
r-devel-linux-x86_64-debian-gcc | 6.1.1 | 49.05 | 282.99 | 332.04 | NOTE | |
r-devel-linux-x86_64-fedora-clang | 6.1.1 | 901.23 | OK | |||
r-devel-linux-x86_64-fedora-gcc | 6.1.1 | 824.13 | OK | |||
r-devel-windows-x86_64 | 6.1.1 | 69.00 | 377.00 | 446.00 | OK | |
r-patched-linux-x86_64 | 6.1.1 | 78.40 | 415.51 | 493.91 | OK | |
r-release-linux-x86_64 | 6.1.1 | 72.11 | 415.97 | 488.08 | OK | |
r-release-macos-arm64 | 6.1.1 | 195.00 | OK | |||
r-release-macos-x86_64 | 6.1.1 | 396.00 | OK | |||
r-release-windows-x86_64 | 6.1.1 | 70.00 | 376.00 | 446.00 | OK | |
r-oldrel-macos-arm64 | 6.1.1 | 184.00 | OK | |||
r-oldrel-macos-x86_64 | 6.1.1 | 320.00 | OK | |||
r-oldrel-windows-x86_64 | 6.1.1 | 99.00 | 504.00 | 603.00 | OK |
Version: 6.1.1
Check: CRAN incoming feasibility
Result: NOTE
Maintainer: ‘Duncan Lee <Duncan.Lee@glasgow.ac.uk>’
No Authors@R field in DESCRIPTION.
Please add one, modifying
Authors@R: person(given = "Duncan",
family = "Lee",
role = c("aut", "cre"),
email = "duncan.lee@glasgow.ac.uk")
as necessary.
Flavors: r-devel-linux-x86_64-debian-clang, r-devel-linux-x86_64-debian-gcc