Last updated on 2025-07-05 16:48:23 CEST.
Flavor | Version | Tinstall | Tcheck | Ttotal | Status | Flags |
---|---|---|---|---|---|---|
r-devel-linux-x86_64-debian-clang | 1.0.2 | 18.33 | 263.74 | 282.07 | NOTE | |
r-devel-linux-x86_64-debian-gcc | 1.0.2 | 11.89 | 176.02 | 187.91 | NOTE | |
r-devel-linux-x86_64-fedora-clang | 1.0.2 | 439.82 | NOTE | |||
r-devel-linux-x86_64-fedora-gcc | 1.0.2 | 449.15 | NOTE | |||
r-devel-windows-x86_64 | 1.0.2 | 20.00 | 259.00 | 279.00 | NOTE | |
r-patched-linux-x86_64 | 1.0.2 | 18.63 | 248.58 | 267.21 | NOTE | |
r-release-linux-x86_64 | 1.0.2 | 17.16 | 247.16 | 264.32 | NOTE | |
r-release-macos-arm64 | 1.0.2 | 121.00 | NOTE | |||
r-release-macos-x86_64 | 1.0.2 | 222.00 | NOTE | |||
r-release-windows-x86_64 | 1.0.2 | 20.00 | 252.00 | 272.00 | NOTE | |
r-oldrel-macos-arm64 | 1.0.2 | 115.00 | OK | |||
r-oldrel-macos-x86_64 | 1.0.2 | 187.00 | OK | |||
r-oldrel-windows-x86_64 | 1.0.2 | 28.00 | 328.00 | 356.00 | OK |
Version: 1.0.2
Check: DESCRIPTION meta-information
Result: NOTE
Missing dependency on R >= 4.2.0 because package code uses the pipe
placeholder syntax added in R 4.2.0.
File(s) using such syntax:
‘AddXMLInternal.R’ ‘BrowseSVG.R’ ‘MakeAccessibleSVGInternal.R’
‘RewriteSVG.R’ ‘ViewSVG.R’
Flavors: r-devel-linux-x86_64-debian-clang, r-devel-linux-x86_64-debian-gcc, r-devel-linux-x86_64-fedora-clang, r-devel-linux-x86_64-fedora-gcc, r-devel-windows-x86_64, r-patched-linux-x86_64, r-release-linux-x86_64, r-release-macos-arm64, r-release-windows-x86_64
Version: 1.0.2
Check: DESCRIPTION meta-information
Result: NOTE
Missing dependency on R >= 4.1.0 because package code uses the pipe
|> or function shorthand \(...) syntax added in R 4.1.0.
File(s) using such syntax:
‘AddXMLInternal.R’ ‘BrowseSVG.R’ ‘Describe.R’
‘MakeAccessibleSVGInternal.R’ ‘RewriteSVG.R’ ‘VIInternals.R’
‘VIMethod3_TH.R’ ‘ViewSVG.R’
Flavor: r-release-macos-x86_64