CRAN Package Check Results for Package BayesSenMC

Last updated on 2025-07-05 10:49:18 CEST.

Flavor Version Tinstall Tcheck Ttotal Status Flags
r-devel-linux-x86_64-debian-clang 0.1.5 570.20 184.10 754.30 NOTE
r-devel-linux-x86_64-debian-gcc 0.1.5 523.57 170.94 694.51 NOTE
r-devel-linux-x86_64-fedora-clang 0.1.5 1185.59 NOTE
r-devel-linux-x86_64-fedora-gcc 0.1.5 1561.66 NOTE
r-devel-windows-x86_64 0.1.5 630.00 260.00 890.00 OK
r-patched-linux-x86_64 0.1.5 681.10 240.69 921.79 OK
r-release-linux-x86_64 0.1.5 654.18 236.23 890.41 OK
r-release-macos-arm64 0.1.5 303.00 OK
r-release-macos-x86_64 0.1.5 381.00 OK
r-release-windows-x86_64 0.1.5 630.00 263.00 893.00 OK
r-oldrel-macos-arm64 0.1.5 165.00 NOTE
r-oldrel-macos-x86_64 0.1.5 153.00 NOTE
r-oldrel-windows-x86_64 0.1.5 736.00 329.00 1065.00 NOTE

Check Details

Version: 0.1.5
Check: CRAN incoming feasibility
Result: NOTE Maintainer: ‘Jinhui Yang <james.yangjinhui@gmail.com>’ No Authors@R field in DESCRIPTION. Please add one, modifying Authors@R: c(person(given = "Jinhui", family = "Yang", role = c("aut", "cre"), email = "james.yangjinhui@gmail.com"), person(given = "Haitao", family = "Chu", role = "aut"), person(given = "Lifeng", family = "Lin", role = "aut")) as necessary. Flavors: r-devel-linux-x86_64-debian-clang, r-devel-linux-x86_64-debian-gcc

Version: 0.1.5
Check: dependencies in R code
Result: NOTE Namespaces in Imports field not imported from: ‘RcppParallel’ ‘rstantools’ All declared Imports should be used. Flavors: r-devel-linux-x86_64-fedora-clang, r-devel-linux-x86_64-fedora-gcc

Version: 0.1.5
Check: installed package size
Result: NOTE installed size is 97.2Mb sub-directories of 1Mb or more: libs 96.9Mb Flavors: r-oldrel-macos-arm64, r-oldrel-macos-x86_64, r-oldrel-windows-x86_64

Version: 0.1.5
Check: for GNU extensions in Makefiles
Result: NOTE GNU make is a SystemRequirements. Flavors: r-oldrel-macos-arm64, r-oldrel-macos-x86_64, r-oldrel-windows-x86_64