Last updated on 2025-07-09 23:48:41 CEST.
Flavor | Version | Tinstall | Tcheck | Ttotal | Status | Flags |
---|---|---|---|---|---|---|
r-devel-linux-x86_64-debian-clang | 1.0.0 | 20.64 | 153.49 | 174.13 | NOTE | |
r-devel-linux-x86_64-debian-gcc | 1.0.0 | 12.18 | 110.72 | 122.90 | NOTE | |
r-devel-linux-x86_64-fedora-clang | 1.0.0 | 262.70 | OK | |||
r-devel-linux-x86_64-fedora-gcc | 1.0.0 | 272.28 | OK | |||
r-devel-windows-x86_64 | 1.0.0 | 21.00 | 165.00 | 186.00 | OK | |
r-patched-linux-x86_64 | 1.0.0 | 19.88 | 142.38 | 162.26 | OK | |
r-release-linux-x86_64 | 1.0.0 | 17.66 | 141.35 | 159.01 | OK | |
r-release-macos-arm64 | 1.0.0 | 87.00 | OK | |||
r-release-macos-x86_64 | 1.0.0 | 144.00 | OK | |||
r-release-windows-x86_64 | 1.0.0 | 23.00 | 171.00 | 194.00 | OK | |
r-oldrel-macos-arm64 | 1.0.0 | 91.00 | OK | |||
r-oldrel-macos-x86_64 | 1.0.0 | 114.00 | OK | |||
r-oldrel-windows-x86_64 | 1.0.0 | 25.00 | 207.00 | 232.00 | OK |
Version: 1.0.0
Check: CRAN incoming feasibility
Result: NOTE
Maintainer: ‘Feng Xie <xief@u.duke.nus.edu>’
Package CITATION file contains call(s) to old-style personList() or
as.personList(). Please use c() on person objects instead.
Package CITATION file contains call(s) to old-style citEntry(). Please
use bibentry() instead.
Flavors: r-devel-linux-x86_64-debian-clang, r-devel-linux-x86_64-debian-gcc