CRAN Package Check Results for Package AnnuityRIR

Last updated on 2025-07-04 22:49:19 CEST.

Flavor Version Tinstall Tcheck Ttotal Status Flags
r-devel-linux-x86_64-debian-clang 1.0-0 12.52 105.14 117.66 NOTE
r-devel-linux-x86_64-debian-gcc 1.0-0 8.77 72.01 80.78 NOTE
r-devel-linux-x86_64-fedora-clang 1.0-0 191.06 NOTE
r-devel-linux-x86_64-fedora-gcc 1.0-0 179.85 NOTE
r-devel-windows-x86_64 1.0-0 13.00 119.00 132.00 NOTE
r-patched-linux-x86_64 1.0-0 12.07 96.96 109.03 NOTE
r-release-linux-x86_64 1.0-0 12.16 99.04 111.20 NOTE
r-release-macos-arm64 1.0-0 50.00 NOTE
r-release-macos-x86_64 1.0-0 86.00 NOTE
r-release-windows-x86_64 1.0-0 14.00 0.00 14.00 FAIL
r-oldrel-macos-arm64 1.0-0 46.00 NOTE
r-oldrel-macos-x86_64 1.0-0 67.00 NOTE
r-oldrel-windows-x86_64 1.0-0 19.00 153.00 172.00 NOTE

Check Details

Version: 1.0-0
Check: CRAN incoming feasibility
Result: NOTE Maintainer: ‘Fabrizio Maturo <f.maturo@unich.it>’ The BugReports field in DESCRIPTION has https://github.com/fabriziomaturo/AnnuityRIR which should likely be https://github.com/fabriziomaturo/AnnuityRIR/issues instead. Flavors: r-devel-linux-x86_64-debian-clang, r-devel-linux-x86_64-debian-gcc

Version: 1.0-0
Check: Rd files
Result: NOTE checkRd: (-1) PV_post_triang_3.Rd:7: Escaped LaTeX specials: \_ \_ checkRd: (-1) PV_post_triang_3.Rd:22: Escaped LaTeX specials: \_ \_ checkRd: (-1) PV_pre_triang_3.Rd:7: Escaped LaTeX specials: \_ \_ checkRd: (-1) PV_pre_triang_3.Rd:22: Escaped LaTeX specials: \_ \_ Flavors: r-devel-linux-x86_64-debian-clang, r-devel-linux-x86_64-debian-gcc, r-devel-linux-x86_64-fedora-clang, r-devel-linux-x86_64-fedora-gcc, r-devel-windows-x86_64, r-patched-linux-x86_64, r-release-linux-x86_64, r-release-macos-arm64, r-release-macos-x86_64, r-release-windows-x86_64, r-oldrel-macos-arm64, r-oldrel-macos-x86_64, r-oldrel-windows-x86_64

Version: 1.0-0
Check: PDF version of manual
Result: FAIL Check process probably crashed or hung up for 20 minutes ... killed Most likely this happened in the example checks (?), if not, ignore the following last lines of example output: > ### Aliases: variance_pre_mood_pm > > ### ** Examples > > > # example 1 > data = c(1.77,1.85,1.85,1.84,1.84,1.83,1.85,1.85,1.88,1.85,1.80,1.84,1.91,1.85,1.84,1.85, + 1.86,1.85,1.88,1.86) > data=data/100 > variance_pre_mood_pm(data) [1] 0.0001153213 > > > > > ### * <FOOTER> > ### > cleanEx() > options(digits = 7L) > base::cat("Time elapsed: ", proc.time() - base::get("ptime", pos = 'CheckExEnv'),"\n") Time elapsed: 19.31 0.8 20.19 NA NA > grDevices::dev.off() null device 1 > ### > ### Local variables: *** > ### mode: outline-minor *** > ### outline-regexp: "\\(> \\)?### [*]+" *** > ### End: *** > quit('no') ======== End of example output (where/before crash/hang up occured ?) ======== Flavor: r-release-windows-x86_64