CRAN Package Check Results for Package AeroSampleR

Last updated on 2025-07-04 22:49:19 CEST.

Flavor Version Tinstall Tcheck Ttotal Status Flags
r-devel-linux-x86_64-debian-clang 0.2.0 2.40 36.69 39.09 NOTE
r-devel-linux-x86_64-debian-gcc 0.2.0 1.84 27.74 29.58 NOTE
r-devel-linux-x86_64-fedora-clang 0.2.0 60.15 NOTE
r-devel-linux-x86_64-fedora-gcc 0.2.0 70.92 NOTE
r-devel-windows-x86_64 0.2.0 4.00 54.00 58.00 NOTE
r-patched-linux-x86_64 0.2.0 2.47 33.42 35.89 NOTE
r-release-linux-x86_64 0.2.0 2.22 33.02 35.24 NOTE
r-release-macos-arm64 0.2.0 28.00 NOTE
r-release-macos-x86_64 0.2.0 47.00 NOTE
r-release-windows-x86_64 0.2.0 5.00 54.00 59.00 NOTE
r-oldrel-macos-arm64 0.2.0 27.00 OK
r-oldrel-macos-x86_64 0.2.0 41.00 OK
r-oldrel-windows-x86_64 0.2.0 6.00 64.00 70.00 OK

Check Details

Version: 0.2.0
Check: CRAN incoming feasibility
Result: NOTE Maintainer: ‘Mark Hogue <mark.hogue.chp@gmail.com>’ No Authors@R field in DESCRIPTION. Please add one, modifying Authors@R: person(given = "Mark", family = "Hogue", role = c("aut", "cre"), email = "mark.hogue.chp@gmail.com") as necessary. Flavors: r-devel-linux-x86_64-debian-clang, r-devel-linux-x86_64-debian-gcc

Version: 0.2.0
Check: DESCRIPTION meta-information
Result: NOTE Missing dependency on R >= 4.1.0 because package code uses the pipe |> or function shorthand \(...) syntax added in R 4.1.0. File(s) using such syntax: ‘report_basic.R’ ‘report_cum_plots.R’ ‘report_log_mass.R’ ‘report_plots.R’ ‘set_params_2.R’ Flavors: r-devel-linux-x86_64-debian-clang, r-devel-linux-x86_64-debian-gcc, r-devel-linux-x86_64-fedora-clang, r-devel-linux-x86_64-fedora-gcc, r-devel-windows-x86_64, r-patched-linux-x86_64, r-release-linux-x86_64, r-release-macos-arm64, r-release-macos-x86_64, r-release-windows-x86_64

Version: 0.2.0
Check: dependencies in R code
Result: NOTE Namespace in Imports field not imported from: ‘flextable’ All declared Imports should be used. Flavors: r-devel-linux-x86_64-fedora-clang, r-devel-linux-x86_64-fedora-gcc