Last updated on 2025-10-10 14:49:34 CEST.
Flavor | Version | Tinstall | Tcheck | Ttotal | Status | Flags |
---|---|---|---|---|---|---|
r-devel-linux-x86_64-debian-clang | 0.2.3 | 7.95 | 275.03 | 282.98 | NOTE | |
r-devel-linux-x86_64-debian-gcc | 0.2.3 | 5.97 | 200.44 | 206.41 | NOTE | |
r-devel-linux-x86_64-fedora-clang | 0.2.3 | 440.67 | NOTE | |||
r-devel-linux-x86_64-fedora-gcc | 0.2.3 | 483.71 | NOTE | |||
r-devel-windows-x86_64 | 0.2.3 | 11.00 | 412.00 | 423.00 | NOTE | |
r-patched-linux-x86_64 | 0.2.3 | 8.18 | 265.39 | 273.57 | NOTE | |
r-release-linux-x86_64 | 0.2.3 | 7.55 | 263.76 | 271.31 | NOTE | |
r-release-macos-arm64 | 0.2.3 | 193.00 | NOTE | |||
r-release-macos-x86_64 | 0.2.3 | 285.00 | NOTE | |||
r-release-windows-x86_64 | 0.2.3 | 9.00 | 434.00 | 443.00 | NOTE | |
r-oldrel-macos-arm64 | 0.2.3 | 158.00 | OK | |||
r-oldrel-macos-x86_64 | 0.2.3 | 468.00 | OK | |||
r-oldrel-windows-x86_64 | 0.2.3 | 14.00 | 460.00 | 474.00 | OK |
Version: 0.2.3
Check: DESCRIPTION meta-information
Result: NOTE
Missing dependency on R >= 4.1.0 because package code uses the pipe
|> or function shorthand \(...) syntax added in R 4.1.0.
File(s) using such syntax:
‘catchment_sim.R’ ‘elementary_pop.R’
Flavors: r-devel-linux-x86_64-debian-clang, r-devel-linux-x86_64-debian-gcc, r-devel-linux-x86_64-fedora-clang, r-devel-linux-x86_64-fedora-gcc, r-devel-windows-x86_64, r-patched-linux-x86_64, r-release-linux-x86_64, r-release-macos-arm64, r-release-macos-x86_64, r-release-windows-x86_64
Version: 0.2.3
Check: for non-standard things in the check directory
Result: NOTE
Found the following files/directories:
‘DESA’
Flavor: r-devel-linux-x86_64-fedora-gcc