Last updated on 2025-07-17 17:50:08 CEST.
Flavor | Version | Tinstall | Tcheck | Ttotal | Status | Flags |
---|---|---|---|---|---|---|
r-devel-linux-x86_64-debian-clang | 1.1.4 | 42.81 | 40.16 | 82.97 | OK | |
r-devel-linux-x86_64-debian-gcc | 1.1.4 | 29.49 | 29.17 | 58.66 | OK | |
r-devel-linux-x86_64-fedora-clang | 1.1.4 | 132.70 | OK | |||
r-devel-linux-x86_64-fedora-gcc | 1.1.4 | 138.41 | OK | |||
r-devel-windows-x86_64 | 1.1.4 | 41.00 | 90.00 | 131.00 | OK | |
r-patched-linux-x86_64 | 1.1.4 | 39.65 | 36.82 | 76.47 | OK | |
r-release-linux-x86_64 | 1.1.4 | 41.19 | 36.80 | 77.99 | OK | |
r-release-macos-arm64 | 1.1.4 | 39.00 | OK | |||
r-release-macos-x86_64 | 1.1.4 | 78.00 | OK | |||
r-release-windows-x86_64 | 1.1.4 | 43.00 | 89.00 | 132.00 | OK | |
r-oldrel-macos-arm64 | 1.1.4 | 36.00 | NOTE | |||
r-oldrel-macos-x86_64 | 1.1.4 | 54.00 | NOTE | |||
r-oldrel-windows-x86_64 | 1.1.4 | 51.00 | 105.00 | 156.00 | OK |
Version: 1.1.4
Check: installed package size
Result: NOTE
installed size is 6.1Mb
sub-directories of 1Mb or more:
libs 6.0Mb
Flavors: r-oldrel-macos-arm64, r-oldrel-macos-x86_64