CRAN Package Check Results for Package ANN2

Last updated on 2025-07-17 10:48:50 CEST.

Flavor Version Tinstall Tcheck Ttotal Status Flags
r-devel-linux-x86_64-debian-clang 2.3.4 343.80 68.27 412.07 NOTE
r-devel-linux-x86_64-debian-gcc 2.3.4 231.82 47.15 278.97 NOTE
r-devel-linux-x86_64-fedora-clang 2.3.4 751.19 NOTE
r-devel-linux-x86_64-fedora-gcc 2.3.4 708.12 NOTE
r-devel-windows-x86_64 2.3.4 308.00 115.00 423.00 NOTE
r-patched-linux-x86_64 2.3.4 317.85 67.49 385.34 NOTE
r-release-linux-x86_64 2.3.4 320.09 61.77 381.86 NOTE
r-release-macos-arm64 2.3.4 231.00 NOTE
r-release-macos-x86_64 2.3.4 195.00 NOTE
r-release-windows-x86_64 2.3.4 314.00 112.00 426.00 NOTE
r-oldrel-macos-arm64 2.3.4 192.00 NOTE
r-oldrel-macos-x86_64 2.3.4 161.00 NOTE
r-oldrel-windows-x86_64 2.3.4 367.00 142.00 509.00 NOTE

Check Details

Version: 2.3.4
Check: CRAN incoming feasibility
Result: NOTE Maintainer: ‘Bart Lammers <bart.f.lammers@gmail.com>’ No Authors@R field in DESCRIPTION. Please add one, modifying Authors@R: person(given = "Bart", family = "Lammers", role = c("aut", "cre"), email = "bart.f.lammers@gmail.com") as necessary. Flavors: r-devel-linux-x86_64-debian-clang, r-devel-linux-x86_64-debian-gcc

Version: 2.3.4
Check: C++ specification
Result: NOTE Specified C++11: please drop specification unless essential Flavors: r-devel-linux-x86_64-debian-clang, r-devel-linux-x86_64-debian-gcc, r-devel-linux-x86_64-fedora-clang, r-devel-linux-x86_64-fedora-gcc, r-devel-windows-x86_64, r-patched-linux-x86_64, r-release-linux-x86_64, r-release-macos-arm64, r-release-macos-x86_64, r-release-windows-x86_64, r-oldrel-macos-arm64, r-oldrel-macos-x86_64, r-oldrel-windows-x86_64

Version: 2.3.4
Check: installed package size
Result: NOTE installed size is 28.8Mb sub-directories of 1Mb or more: cereal 1.4Mb libs 27.3Mb Flavors: r-oldrel-macos-arm64, r-oldrel-macos-x86_64

Version: 2.3.4
Check: LazyData
Result: NOTE 'LazyData' is specified without a 'data' directory Flavors: r-oldrel-macos-arm64, r-oldrel-macos-x86_64, r-oldrel-windows-x86_64