CRAN Package Check Results for Package AFheritability

Last updated on 2025-07-05 16:48:21 CEST.

Flavor Version Tinstall Tcheck Ttotal Status Flags
r-devel-linux-x86_64-debian-clang 0.1.0 6.84 52.93 59.77 NOTE
r-devel-linux-x86_64-debian-gcc 0.1.0 5.21 37.98 43.19 NOTE
r-devel-linux-x86_64-fedora-clang 0.1.0 98.20 OK
r-devel-linux-x86_64-fedora-gcc 0.1.0 86.83 OK
r-devel-windows-x86_64 0.1.0 8.00 63.00 71.00 OK
r-patched-linux-x86_64 0.1.0 6.52 48.86 55.38 OK
r-release-linux-x86_64 0.1.0 5.73 48.57 54.30 OK
r-release-macos-arm64 0.1.0 31.00 OK
r-release-macos-x86_64 0.1.0 47.00 OK
r-release-windows-x86_64 0.1.0 10.00 82.00 92.00 OK
r-oldrel-macos-arm64 0.1.0 28.00 NOTE
r-oldrel-macos-x86_64 0.1.0 41.00 NOTE
r-oldrel-windows-x86_64 0.1.0 11.00 81.00 92.00 NOTE

Check Details

Version: 0.1.0
Check: CRAN incoming feasibility
Result: NOTE Maintainer: ‘Elisabeth Dahlqwist <elisabeth.dahlqwist88@gmail.com>’ No Authors@R field in DESCRIPTION. Please add one, modifying Authors@R: person(given = "Elisabeth", family = "Dahlqwist", role = c("aut", "cre"), email = "elisabeth.dahlqwist88@gmail.com") as necessary. Flavors: r-devel-linux-x86_64-debian-clang, r-devel-linux-x86_64-debian-gcc

Version: 0.1.0
Check: LazyData
Result: NOTE 'LazyData' is specified without a 'data' directory Flavors: r-oldrel-macos-arm64, r-oldrel-macos-x86_64, r-oldrel-windows-x86_64