CRAN Package Check Results for Package AEDForecasting

Last updated on 2025-07-05 08:49:55 CEST.

Flavor Version Tinstall Tcheck Ttotal Status Flags
r-devel-linux-x86_64-debian-clang 0.20.0 2.04 22.66 24.70 OK
r-devel-linux-x86_64-debian-gcc 0.20.0 1.28 17.84 19.12 OK
r-devel-linux-x86_64-fedora-clang 0.20.0 41.98 OK
r-devel-linux-x86_64-fedora-gcc 0.20.0 52.48 OK
r-devel-windows-x86_64 0.20.0 4.00 44.00 48.00 OK
r-patched-linux-x86_64 0.20.0 1.88 22.36 24.24 OK
r-release-linux-x86_64 0.20.0 1.80 21.56 23.36 OK
r-release-macos-arm64 0.20.0 33.00 OK
r-release-macos-x86_64 0.20.0 35.00 OK
r-release-windows-x86_64 0.20.0 3.00 42.00 45.00 OK
r-oldrel-macos-arm64 0.20.0 22.00 NOTE
r-oldrel-macos-x86_64 0.20.0 32.00 NOTE
r-oldrel-windows-x86_64 0.20.0 4.00 46.00 50.00 NOTE

Check Details

Version: 0.20.0
Check: LazyData
Result: NOTE 'LazyData' is specified without a 'data' directory Flavors: r-oldrel-macos-arm64, r-oldrel-macos-x86_64, r-oldrel-windows-x86_64