Last updated on 2025-07-04 14:49:22 CEST.
Flavor | Version | Tinstall | Tcheck | Ttotal | Status | Flags |
---|---|---|---|---|---|---|
r-devel-linux-x86_64-debian-clang | 1.9.0 | 87.42 | 220.97 | 308.39 | NOTE | |
r-devel-linux-x86_64-debian-gcc | 1.9.0 | 58.69 | 116.65 | 175.34 | NOTE | |
r-devel-linux-x86_64-fedora-clang | 1.9.0 | 549.51 | OK | |||
r-devel-linux-x86_64-fedora-gcc | 1.9.0 | 521.72 | OK | |||
r-devel-windows-x86_64 | 1.9.0 | 84.00 | 287.00 | 371.00 | OK | |
r-patched-linux-x86_64 | 1.9.0 | 84.58 | 202.78 | 287.36 | OK | |
r-release-linux-x86_64 | 1.9.0 | 82.39 | 190.35 | 272.74 | OK | |
r-release-macos-arm64 | 1.9.0 | 130.00 | OK | |||
r-release-macos-x86_64 | 1.9.0 | 242.00 | OK | |||
r-release-windows-x86_64 | 1.9.0 | 84.00 | 276.00 | 360.00 | OK | |
r-oldrel-macos-arm64 | 1.9.0 | 111.00 | NOTE | |||
r-oldrel-macos-x86_64 | 1.9.0 | 193.00 | NOTE | |||
r-oldrel-windows-x86_64 | 1.9.0 | 102.00 | 395.00 | 497.00 | OK |
Version: 1.9.0
Check: CRAN incoming feasibility
Result: NOTE
Maintainer: ‘Liang He <hyx520101@gmail.com>’
No Authors@R field in DESCRIPTION.
Please add one, modifying
Authors@R: person(given = "Liang",
family = "He",
role = c("aut", "cre"),
email = "hyx520101@gmail.com")
as necessary.
Flavors: r-devel-linux-x86_64-debian-clang, r-devel-linux-x86_64-debian-gcc
Version: 1.9.0
Check: installed package size
Result: NOTE
installed size is 7.5Mb
sub-directories of 1Mb or more:
doc 1.7Mb
libs 5.4Mb
Flavors: r-oldrel-macos-arm64, r-oldrel-macos-x86_64